{"id":48,"date":"2020-05-21T21:25:47","date_gmt":"2020-05-21T21:25:47","guid":{"rendered":"http:\/\/galraorenovaveis.pt\/?post_type=jetpack-portfolio&#038;p=48"},"modified":"2020-07-07T16:33:06","modified_gmt":"2020-07-07T16:33:06","slug":"sistemas-integrados","status":"publish","type":"jetpack-portfolio","link":"https:\/\/galraorenovaveis.pt\/index.php\/portfolio\/sistemas-integrados\/","title":{"rendered":"Sistemas Integrados \/ Gest\u00e3o"},"content":{"rendered":"\n<p>Solu\u00e7\u00f5es de controlo dos v\u00e1rios equipamentos de fornecimento, consumo, distribui\u00e7\u00e3o e armazenamento de energia t\u00e9rmica e el\u00e9trica.<\/p>\n\n\n\n<figure class=\"wp-block-embed-youtube alignfull wp-block-embed is-type-video is-provider-youtube wp-embed-aspect-16-9 wp-has-aspect-ratio\"><div class=\"wp-block-embed__wrapper\">\n<iframe loading=\"lazy\" title=\"Solius Manager - Controlo Avan\u00e7ado de Sistemas Integrados\" width=\"756\" height=\"425\" src=\"https:\/\/www.youtube.com\/embed\/uit_VpZhSMg?feature=oembed\" frameborder=\"0\" allow=\"accelerometer; autoplay; encrypted-media; gyroscope; picture-in-picture\" allowfullscreen><\/iframe>\n<\/div><\/figure>\n\n\n\n<div class=\"wp-container-1 wp-block-buttons\">\n<div class=\"wp-block-button\"><a class=\"wp-block-button__link\" href=\"http:\/\/galraorenovaveis.pt\/index.php\/servicos\/sistemas-integrados-gestao\/\">Mais Informa\u00e7\u00f5es<\/a><\/div>\n<\/div>\n","protected":false},"excerpt":{"rendered":"<p>Solu\u00e7\u00f5es de controlo dos v\u00e1rios equipamentos de fornecimento, consumo, distribui\u00e7\u00e3o e armazenamento de energia t\u00e9rmica e el\u00e9trica.<\/p>\n","protected":false},"author":3,"featured_media":49,"comment_status":"closed","ping_status":"closed","template":"","jetpack-portfolio-type":[],"jetpack-portfolio-tag":[],"_links":{"self":[{"href":"https:\/\/galraorenovaveis.pt\/index.php\/wp-json\/wp\/v2\/jetpack-portfolio\/48"}],"collection":[{"href":"https:\/\/galraorenovaveis.pt\/index.php\/wp-json\/wp\/v2\/jetpack-portfolio"}],"about":[{"href":"https:\/\/galraorenovaveis.pt\/index.php\/wp-json\/wp\/v2\/types\/jetpack-portfolio"}],"author":[{"embeddable":true,"href":"https:\/\/galraorenovaveis.pt\/index.php\/wp-json\/wp\/v2\/users\/3"}],"replies":[{"embeddable":true,"href":"https:\/\/galraorenovaveis.pt\/index.php\/wp-json\/wp\/v2\/comments?post=48"}],"wp:featuredmedia":[{"embeddable":true,"href":"https:\/\/galraorenovaveis.pt\/index.php\/wp-json\/wp\/v2\/media\/49"}],"wp:attachment":[{"href":"https:\/\/galraorenovaveis.pt\/index.php\/wp-json\/wp\/v2\/media?parent=48"}],"wp:term":[{"taxonomy":"jetpack-portfolio-type","embeddable":true,"href":"https:\/\/galraorenovaveis.pt\/index.php\/wp-json\/wp\/v2\/jetpack-portfolio-type?post=48"},{"taxonomy":"jetpack-portfolio-tag","embeddable":true,"href":"https:\/\/galraorenovaveis.pt\/index.php\/wp-json\/wp\/v2\/jetpack-portfolio-tag?post=48"}],"curies":[{"name":"wp","href":"https:\/\/api.w.org\/{rel}","templated":true}]}}

Sistemas Integrados / Gestão

<p>Soluções de controlo dos vários equipamentos de fornecimento, consumo, distribuição e armazenamento de energia térmica e elétrica.</p>



<figure class="wp-block-embed-youtube alignfull wp-block-embed is-type-video is-provider-youtube wp-embed-aspect-16-9 wp-has-aspect-ratio"><div class="wp-block-embed__wrapper">
<iframe loading="lazy" title="Solius Manager - Controlo Avançado de Sistemas Integrados" width="756" height="425" src="https://www.youtube.com/embed/uit_VpZhSMg?feature=oembed" frameborder="0" allow="accelerometer; autoplay; encrypted-media; gyroscope; picture-in-picture" allowfullscreen></iframe>
</div></figure>



<div class="wp-container-1 wp-block-buttons">
<div class="wp-block-button"><a class="wp-block-button__link" href="http://galraorenovaveis.pt/index.php/servicos/sistemas-integrados-gestao/">Mais Informações</a></div>
</div>

<p>Soluções de controlo dos vários equipamentos de fornecimento, consumo, distribuição e armazenamento de energia térmica e elétrica.</p>
