{"id":50,"date":"2020-05-21T21:31:26","date_gmt":"2020-05-21T21:31:26","guid":{"rendered":"http:\/\/galraorenovaveis.pt\/?post_type=jetpack-portfolio&#038;p=50"},"modified":"2020-07-08T15:24:45","modified_gmt":"2020-07-08T15:24:45","slug":"piscinas","status":"publish","type":"jetpack-portfolio","link":"https:\/\/galraorenovaveis.pt\/index.php\/portfolio\/piscinas\/","title":{"rendered":"Piscinas"},"content":{"rendered":"\n<p>Conhe\u00e7a as nossas solu\u00e7\u00f5es de aquecimento de piscinas que lhe permitem aumentar o per\u00edodo de utiliza\u00e7\u00e3o, controlando a evapora\u00e7\u00e3o, a humidade ambiente e os custos energ\u00e9ticos.<\/p>\n\n\n\n<figure class=\"wp-block-image alignfull size-large\"><img loading=\"lazy\" width=\"992\" height=\"378\" src=\"http:\/\/galraorenovaveis.pt\/wp-content\/uploads\/2020\/06\/Piscinas.jpg\" alt=\"\" class=\"wp-image-259\" srcset=\"https:\/\/galraorenovaveis.pt\/wp-content\/uploads\/2020\/06\/Piscinas.jpg 992w, https:\/\/galraorenovaveis.pt\/wp-content\/uploads\/2020\/06\/Piscinas-300x114.jpg 300w, https:\/\/galraorenovaveis.pt\/wp-content\/uploads\/2020\/06\/Piscinas-768x293.jpg 768w\" sizes=\"(max-width: 992px) 100vw, 992px\" \/><figcaption>Piscinas com controle de temperatura e que permitem aumentar a temporada de utiliza\u00e7\u00e3o.<\/figcaption><\/figure>\n\n\n\n<div class=\"wp-container-1 wp-block-buttons\">\n<div class=\"wp-block-button is-style-fill\"><a class=\"wp-block-button__link\" href=\"http:\/\/galraorenovaveis.pt\/index.php\/servicos\/piscinas\/\">mais informa\u00e7\u00f5es<\/a><\/div>\n<\/div>\n\n\n\n<p><\/p>\n","protected":false},"excerpt":{"rendered":"<p>Conhe\u00e7a as nossas solu\u00e7\u00f5es de aquecimento de piscinas que lhe permitem aumentar o per\u00edodo de utiliza\u00e7\u00e3o, controlando a evapora\u00e7\u00e3o, a humidade ambiente e os custos energ\u00e9ticos.<\/p>\n","protected":false},"author":3,"featured_media":440,"comment_status":"closed","ping_status":"closed","template":"","jetpack-portfolio-type":[],"jetpack-portfolio-tag":[],"_links":{"self":[{"href":"https:\/\/galraorenovaveis.pt\/index.php\/wp-json\/wp\/v2\/jetpack-portfolio\/50"}],"collection":[{"href":"https:\/\/galraorenovaveis.pt\/index.php\/wp-json\/wp\/v2\/jetpack-portfolio"}],"about":[{"href":"https:\/\/galraorenovaveis.pt\/index.php\/wp-json\/wp\/v2\/types\/jetpack-portfolio"}],"author":[{"embeddable":true,"href":"https:\/\/galraorenovaveis.pt\/index.php\/wp-json\/wp\/v2\/users\/3"}],"replies":[{"embeddable":true,"href":"https:\/\/galraorenovaveis.pt\/index.php\/wp-json\/wp\/v2\/comments?post=50"}],"wp:featuredmedia":[{"embeddable":true,"href":"https:\/\/galraorenovaveis.pt\/index.php\/wp-json\/wp\/v2\/media\/440"}],"wp:attachment":[{"href":"https:\/\/galraorenovaveis.pt\/index.php\/wp-json\/wp\/v2\/media?parent=50"}],"wp:term":[{"taxonomy":"jetpack-portfolio-type","embeddable":true,"href":"https:\/\/galraorenovaveis.pt\/index.php\/wp-json\/wp\/v2\/jetpack-portfolio-type?post=50"},{"taxonomy":"jetpack-portfolio-tag","embeddable":true,"href":"https:\/\/galraorenovaveis.pt\/index.php\/wp-json\/wp\/v2\/jetpack-portfolio-tag?post=50"}],"curies":[{"name":"wp","href":"https:\/\/api.w.org\/{rel}","templated":true}]}}

<p>Conheça as nossas soluções de aquecimento de piscinas que lhe permitem aumentar o período de utilização, controlando a evaporação, a humidade ambiente e os custos energéticos.</p>



<figure class="wp-block-image alignfull size-large"><img loading="lazy" width="992" height="378" src="http://galraorenovaveis.pt/wp-content/uploads/2020/06/Piscinas.jpg" alt="" class="wp-image-259" srcset="https://galraorenovaveis.pt/wp-content/uploads/2020/06/Piscinas.jpg 992w, https://galraorenovaveis.pt/wp-content/uploads/2020/06/Piscinas-300x114.jpg 300w, https://galraorenovaveis.pt/wp-content/uploads/2020/06/Piscinas-768x293.jpg 768w" sizes="(max-width: 992px) 100vw, 992px" /><figcaption>Piscinas com controle de temperatura e que permitem aumentar a temporada de utilização.</figcaption></figure>



<div class="wp-container-1 wp-block-buttons">
<div class="wp-block-button is-style-fill"><a class="wp-block-button__link" href="http://galraorenovaveis.pt/index.php/servicos/piscinas/">mais informações</a></div>
</div>



<p></p>

<p>Conheça as nossas soluções de aquecimento de piscinas que lhe permitem aumentar o período de utilização, controlando a evaporação, a humidade ambiente e os custos energéticos.</p>
