{"id":157,"date":"2020-06-01T13:47:22","date_gmt":"2020-06-01T13:47:22","guid":{"rendered":"http:\/\/galraorenovaveis.pt\/?page_id=157"},"modified":"2020-07-20T17:24:02","modified_gmt":"2020-07-20T17:24:02","slug":"sistemas-radiantes","status":"publish","type":"page","link":"https:\/\/galraorenovaveis.pt\/index.php\/servicos\/sistemas-radiantes\/","title":{"rendered":"Sistemas Radiantes"},"content":{"rendered":"\n<h2>Pavimento Radiante e Radiadores<\/h2>\n\n\n\n<p>Procura uma solu\u00e7\u00e3o de aquecimento eficaz e de alto conforto? Fale connosco e conhe\u00e7a os sistemas radiantes que temos \u00e0 sua disposi\u00e7\u00e3o. <\/p>\n\n\n\n<h3>Em que pode contar com a Galr\u00e3o Renov\u00e1veis?<\/h3>\n\n\n\n<p>Estamos aqui para encontrar a melhor solu\u00e7\u00e3o para o seu caso, \u00e9 por isso que disponibilizamos um servi\u00e7o de consultoria, que visa avaliar as suas necessidades.<\/p>\n\n\n\n<p>Ap\u00f3s essa avalia\u00e7\u00e3o, apresentamos um projeto adaptado ao seu caso e, de seguida, procedemos \u00e0 instala\u00e7\u00e3o do sistema radiante escolhido.<\/p>\n\n\n\n<p>Al\u00e9m disso, pode contar com os nossos servi\u00e7os de manuten\u00e7\u00e3o para garantir o bom funcionamento dos equipamentos.<\/p>\n\n\n\n<div class=\"wp-block-image\"><figure class=\"aligncenter size-large\"><img loading=\"lazy\" width=\"567\" height=\"512\" src=\"http:\/\/galraorenovaveis.pt\/wp-content\/uploads\/2020\/07\/piso-radiante.jpg\" alt=\"Comercializamos e instalamos sistemas de piso radiante\" class=\"wp-image-436\" srcset=\"https:\/\/galraorenovaveis.pt\/wp-content\/uploads\/2020\/07\/piso-radiante.jpg 567w, https:\/\/galraorenovaveis.pt\/wp-content\/uploads\/2020\/07\/piso-radiante-300x271.jpg 300w\" sizes=\"(max-width: 567px) 100vw, 567px\" \/><figcaption>Instala\u00e7\u00e3o do piso radiante<\/figcaption><\/figure><\/div>\n\n\n\n<h3>Em que consistem os sistemas radiantes?<\/h3>\n\n\n\n<p>No caso destes sistemas h\u00e1 uma distribui\u00e7\u00e3o uniforme do aquecimento e\/ou refrescamento.<\/p>\n\n\n\n<p>Nos sistemas radiantes, toda a \u00e1rea de pavimento ou parede contribui na transfer\u00eancia de calor, sendo este uniforme em cada divis\u00e3o da casa. Por isso, os sistemas radiantes s\u00e3o os mais confort\u00e1veis dos sistemas de aquecimento, sem calor excessivo e incomodativo.<\/p>\n\n\n\n<p>O calor, \u00e9 uniformemente distribu\u00eddo proporcionando uma sensa\u00e7\u00e3o de conforto e bem-estar, com temperaturas de funcionamento mais baixas que os sistemas tradicionais. O seu funcionamento a baixa temperatura aumenta a efici\u00eancia dos equipamentos de produ\u00e7\u00e3o de calor.<\/p>\n\n\n\n<p>Nos sistemas radiantes, o aquecimento \u00e9 muito ameno, com apenas uma pequena diferen\u00e7a de temperatura entre superf\u00edcies aquecidas e o ar ambiente. Assim, n\u00e3o provoca qualquer movimento de ar ou p\u00f3 nem altera a humidade ambiente, sendo muito apreciado por quem sofre de problemas respirat\u00f3rios ou de alergias.<\/p>\n\n\n\n<h4>Principais vantagens do pavimento radiante<\/h4>\n\n\n\n<div class=\"wp-block-image\"><figure class=\"alignright size-large\"><img loading=\"lazy\" width=\"425\" height=\"284\" src=\"http:\/\/galraorenovaveis.pt\/wp-content\/uploads\/2020\/05\/Sistemas-Radiantes-1.jpg\" alt=\"Somos especialistas em sistemas radiantes\" class=\"wp-image-115\" srcset=\"https:\/\/galraorenovaveis.pt\/wp-content\/uploads\/2020\/05\/Sistemas-Radiantes-1.jpg 425w, https:\/\/galraorenovaveis.pt\/wp-content\/uploads\/2020\/05\/Sistemas-Radiantes-1-300x200.jpg 300w\" sizes=\"(max-width: 425px) 100vw, 425px\" \/><figcaption>Sistema piso radiante<\/figcaption><\/figure><\/div>\n\n\n\n<ul><li>Conforto &#8211; o calor \u00e9 distribu\u00eddo de forma uniforme e controlada, j\u00e1 que pode ligar o sistema apenas nas divis\u00f5es que pretende;<\/li><li>Efici\u00eancia &#8211; Os sistemas radiantes s\u00e3o concebidos para terem um baixo consumo energ\u00e9tico, tirando partido dos equipamentos;<\/li><li>Seguran\u00e7a &#8211; Por ser um sistema oculto, sem arestas nem componentes expostos, \u00e9 perfeito para quem tem crian\u00e7as ou para pessoas de mobilidade reduzida;<\/li><li>Higiene &#8211; Uma vez que n\u00e3o h\u00e1 grandes diferen\u00e7as entre a temperatura ambiente e a superf\u00edcie aquecida, n\u00e3o h\u00e1 movimenta\u00e7\u00e3o de ar, o ambiente que se cria \u00e9 higienizado e especialmente indicado para quem sofre de alergias<\/li><\/ul>\n\n\n<div role=\"form\" class=\"wpcf7\" id=\"wpcf7-f242-o1\" lang=\"pt-PT\" dir=\"ltr\">\n<div class=\"screen-reader-response\"><p role=\"status\" aria-live=\"polite\" aria-atomic=\"true\"><\/p> <ul><\/ul><\/div>\n<form action=\"\/index.php\/wp-json\/wp\/v2\/pages\/157#wpcf7-f242-o1\" method=\"post\" class=\"wpcf7-form init\" novalidate=\"novalidate\" data-status=\"init\">\n<div style=\"display: none;\">\n<input type=\"hidden\" name=\"_wpcf7\" value=\"242\" \/>\n<input type=\"hidden\" name=\"_wpcf7_version\" value=\"5.5.6\" \/>\n<input type=\"hidden\" name=\"_wpcf7_locale\" value=\"pt_PT\" \/>\n<input type=\"hidden\" name=\"_wpcf7_unit_tag\" value=\"wpcf7-f242-o1\" \/>\n<input type=\"hidden\" name=\"_wpcf7_container_post\" value=\"0\" \/>\n<input type=\"hidden\" name=\"_wpcf7_posted_data_hash\" value=\"\" \/>\n<\/div>\n<p>Para mais Informa\u00e7\u00f5es:<\/p>\n<p><label> O seu email (obrigat\u00f3rio)<br \/>\n    <span class=\"wpcf7-form-control-wrap your-email\"><input type=\"email\" name=\"your-email\" value=\"\" size=\"40\" class=\"wpcf7-form-control wpcf7-text wpcf7-email wpcf7-validates-as-required wpcf7-validates-as-email\" aria-required=\"true\" aria-invalid=\"false\" \/><\/span> <\/label><\/p>\n<p><label> A sua mensagem<br \/>\n    <span class=\"wpcf7-form-control-wrap your-message\"><textarea name=\"your-message\" cols=\"40\" rows=\"10\" class=\"wpcf7-form-control wpcf7-textarea\" aria-invalid=\"false\"><\/textarea><\/span> <\/label><\/p>\n<p><input type=\"submit\" value=\"Enviar\" class=\"wpcf7-form-control has-spinner wpcf7-submit\" \/><\/p>\n<p style=\"display: none !important;\" class=\"akismet-fields-container\" data-prefix=\"_wpcf7_ak_\"><label>&#916;<textarea name=\"_wpcf7_ak_hp_textarea\" cols=\"45\" rows=\"8\" maxlength=\"100\"><\/textarea><\/label><input type=\"hidden\" id=\"ak_js_1\" name=\"_wpcf7_ak_js\" value=\"87\"\/><script type=\"text\/javascript\">\ndocument.getElementById( \"ak_js_1\" ).setAttribute( \"value\", ( new Date() ).getTime() );\n<\/script>\n<\/p><div class=\"wpcf7-response-output\" aria-hidden=\"true\"><\/div><\/form><\/div>\n","protected":false},"excerpt":{"rendered":"<p>Pavimento Radiante e Radiadores Procura uma solu\u00e7\u00e3o de aquecimento eficaz e de alto conforto? Fale connosco e conhe\u00e7a os sistemas radiantes que temos \u00e0 sua disposi\u00e7\u00e3o. Em que pode contar com a Galr\u00e3o Renov\u00e1veis? Estamos aqui para encontrar a melhor solu\u00e7\u00e3o para o seu caso, &hellip; <a href=\"https:\/\/galraorenovaveis.pt\/index.php\/servicos\/sistemas-radiantes\/\" class=\"more-link\"><span>Continue reading<span class=\"screen-reader-text\">Sistemas Radiantes<\/span><\/span><\/a><\/p>\n","protected":false},"author":3,"featured_media":0,"parent":42,"menu_order":6,"comment_status":"closed","ping_status":"closed","template":"","meta":{"_joinchat":[]},"_links":{"self":[{"href":"https:\/\/galraorenovaveis.pt\/index.php\/wp-json\/wp\/v2\/pages\/157"}],"collection":[{"href":"https:\/\/galraorenovaveis.pt\/index.php\/wp-json\/wp\/v2\/pages"}],"about":[{"href":"https:\/\/galraorenovaveis.pt\/index.php\/wp-json\/wp\/v2\/types\/page"}],"author":[{"embeddable":true,"href":"https:\/\/galraorenovaveis.pt\/index.php\/wp-json\/wp\/v2\/users\/3"}],"replies":[{"embeddable":true,"href":"https:\/\/galraorenovaveis.pt\/index.php\/wp-json\/wp\/v2\/comments?post=157"}],"version-history":[{"count":9,"href":"https:\/\/galraorenovaveis.pt\/index.php\/wp-json\/wp\/v2\/pages\/157\/revisions"}],"predecessor-version":[{"id":459,"href":"https:\/\/galraorenovaveis.pt\/index.php\/wp-json\/wp\/v2\/pages\/157\/revisions\/459"}],"up":[{"embeddable":true,"href":"https:\/\/galraorenovaveis.pt\/index.php\/wp-json\/wp\/v2\/pages\/42"}],"wp:attachment":[{"href":"https:\/\/galraorenovaveis.pt\/index.php\/wp-json\/wp\/v2\/media?parent=157"}],"curies":[{"name":"wp","href":"https:\/\/api.w.org\/{rel}","templated":true}]}}

<h2>Pavimento Radiante e Radiadores</h2>



<p>Procura uma solução de aquecimento eficaz e de alto conforto? Fale connosco e conheça os sistemas radiantes que temos à sua disposição. </p>



<h3>Em que pode contar com a Galrão Renováveis?</h3>



<p>Estamos aqui para encontrar a melhor solução para o seu caso, é por isso que disponibilizamos um serviço de consultoria, que visa avaliar as suas necessidades.</p>



<p>Após essa avaliação, apresentamos um projeto adaptado ao seu caso e, de seguida, procedemos à instalação do sistema radiante escolhido.</p>



<p>Além disso, pode contar com os nossos serviços de manutenção para garantir o bom funcionamento dos equipamentos.</p>



<div class="wp-block-image"><figure class="aligncenter size-large"><img loading="lazy" width="567" height="512" src="http://galraorenovaveis.pt/wp-content/uploads/2020/07/piso-radiante.jpg" alt="Comercializamos e instalamos sistemas de piso radiante" class="wp-image-436" srcset="https://galraorenovaveis.pt/wp-content/uploads/2020/07/piso-radiante.jpg 567w, https://galraorenovaveis.pt/wp-content/uploads/2020/07/piso-radiante-300x271.jpg 300w" sizes="(max-width: 567px) 100vw, 567px" /><figcaption>Instalação do piso radiante</figcaption></figure></div>



<h3>Em que consistem os sistemas radiantes?</h3>



<p>No caso destes sistemas há uma distribuição uniforme do aquecimento e/ou refrescamento.</p>



<p>Nos sistemas radiantes, toda a área de pavimento ou parede contribui na transferência de calor, sendo este uniforme em cada divisão da casa. Por isso, os sistemas radiantes são os mais confortáveis dos sistemas de aquecimento, sem calor excessivo e incomodativo.</p>



<p>O calor, é uniformemente distribuído proporcionando uma sensação de conforto e bem-estar, com temperaturas de funcionamento mais baixas que os sistemas tradicionais. O seu funcionamento a baixa temperatura aumenta a eficiência dos equipamentos de produção de calor.</p>



<p>Nos sistemas radiantes, o aquecimento é muito ameno, com apenas uma pequena diferença de temperatura entre superfícies aquecidas e o ar ambiente. Assim, não provoca qualquer movimento de ar ou pó nem altera a humidade ambiente, sendo muito apreciado por quem sofre de problemas respiratórios ou de alergias.</p>



<h4>Principais vantagens do pavimento radiante</h4>



<div class="wp-block-image"><figure class="alignright size-large"><img loading="lazy" width="425" height="284" src="http://galraorenovaveis.pt/wp-content/uploads/2020/05/Sistemas-Radiantes-1.jpg" alt="Somos especialistas em sistemas radiantes" class="wp-image-115" srcset="https://galraorenovaveis.pt/wp-content/uploads/2020/05/Sistemas-Radiantes-1.jpg 425w, https://galraorenovaveis.pt/wp-content/uploads/2020/05/Sistemas-Radiantes-1-300x200.jpg 300w" sizes="(max-width: 425px) 100vw, 425px" /><figcaption>Sistema piso radiante</figcaption></figure></div>



<ul><li>Conforto &#8211; o calor é distribuído de forma uniforme e controlada, já que pode ligar o sistema apenas nas divisões que pretende;</li><li>Eficiência &#8211; Os sistemas radiantes são concebidos para terem um baixo consumo energético, tirando partido dos equipamentos;</li><li>Segurança &#8211; Por ser um sistema oculto, sem arestas nem componentes expostos, é perfeito para quem tem crianças ou para pessoas de mobilidade reduzida;</li><li>Higiene &#8211; Uma vez que não há grandes diferenças entre a temperatura ambiente e a superfície aquecida, não há movimentação de ar, o ambiente que se cria é higienizado e especialmente indicado para quem sofre de alergias</li></ul>


<div role="form" class="wpcf7" id="wpcf7-f242-o1" lang="pt-PT" dir="ltr">
<div class="screen-reader-response"><p role="status" aria-live="polite" aria-atomic="true"></p> <ul></ul></div>
<form action="/index.php/wp-json/wp/v2/pages/157#wpcf7-f242-o1" method="post" class="wpcf7-form init" novalidate="novalidate" data-status="init">
<div style="display: none;">
<input type="hidden" name="_wpcf7" value="242" />
<input type="hidden" name="_wpcf7_version" value="5.5.6" />
<input type="hidden" name="_wpcf7_locale" value="pt_PT" />
<input type="hidden" name="_wpcf7_unit_tag" value="wpcf7-f242-o1" />
<input type="hidden" name="_wpcf7_container_post" value="0" />
<input type="hidden" name="_wpcf7_posted_data_hash" value="" />
</div>
<p>Para mais Informações:</p>
<p><label> O seu email (obrigatório)<br />
    <span class="wpcf7-form-control-wrap your-email"><input type="email" name="your-email" value="" size="40" class="wpcf7-form-control wpcf7-text wpcf7-email wpcf7-validates-as-required wpcf7-validates-as-email" aria-required="true" aria-invalid="false" /></span> </label></p>
<p><label> A sua mensagem<br />
    <span class="wpcf7-form-control-wrap your-message"><textarea name="your-message" cols="40" rows="10" class="wpcf7-form-control wpcf7-textarea" aria-invalid="false"></textarea></span> </label></p>
<p><input type="submit" value="Enviar" class="wpcf7-form-control has-spinner wpcf7-submit" /></p>
<p style="display: none !important;" class="akismet-fields-container" data-prefix="_wpcf7_ak_"><label>&#916;<textarea name="_wpcf7_ak_hp_textarea" cols="45" rows="8" maxlength="100"></textarea></label><input type="hidden" id="ak_js_1" name="_wpcf7_ak_js" value="87"/><script type="text/javascript">
document.getElementById( "ak_js_1" ).setAttribute( "value", ( new Date() ).getTime() );
</script>
</p><div class="wpcf7-response-output" aria-hidden="true"></div></form></div>

<p>Pavimento Radiante e Radiadores Procura uma solução de aquecimento eficaz e de alto conforto? Fale connosco e conheça os sistemas radiantes que temos à sua disposição. Em que pode contar com a Galrão Renováveis? Estamos aqui para encontrar a melhor solução para o seu caso, &hellip; <a href="https://galraorenovaveis.pt/index.php/servicos/sistemas-radiantes/" class="more-link"><span>Continue reading<span class="screen-reader-text">Sistemas Radiantes</span></span></a></p>
